{"id":3423,"date":"2025-02-20T10:16:52","date_gmt":"2025-02-20T08:16:52","guid":{"rendered":"https:\/\/mainostyot.fi\/?page_id=3423"},"modified":"2025-04-02T14:17:39","modified_gmt":"2025-04-02T11:17:39","slug":"ikkunakalvotus","status":"publish","type":"page","link":"https:\/\/mainostyot.fi\/index.php\/palvelut\/ikkunakalvotus\/","title":{"rendered":"Ikkunakalvotus"},"content":{"rendered":"\t\t<div data-elementor-type=\"wp-page\" data-elementor-id=\"3423\" class=\"elementor elementor-3423\">\n\t\t\t\t<div class=\"elementor-element elementor-element-2e4958a e-flex e-con-boxed wpr-particle-no wpr-jarallax-no wpr-parallax-no wpr-sticky-section-no e-con e-parent\" data-id=\"2e4958a\" data-element_type=\"container\" data-e-type=\"container\" data-settings=\"{&quot;background_background&quot;:&quot;classic&quot;}\">\n\t\t\t\t\t<div class=\"e-con-inner\">\n\t\t\t\t<div class=\"elementor-element elementor-element-904e508 elementor-widget elementor-widget-heading\" data-id=\"904e508\" data-element_type=\"widget\" data-e-type=\"widget\" data-widget_type=\"heading.default\">\n\t\t\t\t<div class=\"elementor-widget-container\">\n\t\t\t\t\t<h1 class=\"elementor-heading-title elementor-size-default\">Ikkunakalvotus<\/h1>\t\t\t\t<\/div>\n\t\t\t\t<\/div>\n\t\t\t\t<div class=\"elementor-element elementor-element-6766f41 elementor-widget elementor-widget-heading\" data-id=\"6766f41\" data-element_type=\"widget\" data-e-type=\"widget\" data-widget_type=\"heading.default\">\n\t\t\t\t<div class=\"elementor-widget-container\">\n\t\t\t\t\t<h3 class=\"elementor-heading-title elementor-size-default\">- Turvallisuutta ja mukavuutta -<\/h3>\t\t\t\t<\/div>\n\t\t\t\t<\/div>\n\t\t\t\t\t<\/div>\n\t\t\t\t<\/div>\n\t\t<div class=\"elementor-element elementor-element-1aa7964 e-flex e-con-boxed wpr-particle-no wpr-jarallax-no wpr-parallax-no wpr-sticky-section-no e-con e-parent\" data-id=\"1aa7964\" data-element_type=\"container\" data-e-type=\"container\">\n\t\t\t\t\t<div class=\"e-con-inner\">\n\t\t\t\t<div class=\"elementor-element elementor-element-93c95d5 elementor-widget elementor-widget-text-editor\" data-id=\"93c95d5\" data-element_type=\"widget\" data-e-type=\"widget\" data-widget_type=\"text-editor.default\">\n\t\t\t\t<div class=\"elementor-widget-container\">\n\t\t\t\t\t\t\t\t\t<p>Toteutamme kiinteist\u00f6jen ikkunoiden ja lasien aurinko-, n\u00e4k\u00f6suoja- ja turvakalvotuksia monien vuosien kokemuksella.<br \/><strong>Opastamme sinua oikean kalvon valinnassa!<\/strong><\/p>\t\t\t\t\t\t\t\t<\/div>\n\t\t\t\t<\/div>\n\t\t\t\t\t<\/div>\n\t\t\t\t<\/div>\n\t\t<div class=\"elementor-element elementor-element-3d76329 e-flex e-con-boxed wpr-particle-no wpr-jarallax-no wpr-parallax-no wpr-sticky-section-no e-con e-parent\" data-id=\"3d76329\" data-element_type=\"container\" data-e-type=\"container\">\n\t\t\t\t\t<div class=\"e-con-inner\">\n\t\t<div class=\"elementor-element elementor-element-9e8b5ed e-con-full e-flex wpr-particle-no wpr-jarallax-no wpr-parallax-no wpr-sticky-section-no e-con e-child\" data-id=\"9e8b5ed\" data-element_type=\"container\" data-e-type=\"container\">\n\t\t\t\t<div class=\"elementor-element elementor-element-3207e6a wpr-feature-list-rhombus elementor-widget__width-initial wpr-feature-list-left wpr-feature-list-line-yes elementor-widget elementor-widget-wpr-feature-list\" data-id=\"3207e6a\" data-element_type=\"widget\" data-e-type=\"widget\" data-widget_type=\"wpr-feature-list.default\">\n\t\t\t\t<div class=\"elementor-widget-container\">\n\t\t\t\t\t<div class=\"wpr-feature-list-wrap\"><ul class=\"wpr-feature-list\"><li class=\"wpr-feature-list-item elementor-repeater-item-7f0ceaf\"><div class=\"wpr-feature-list-icon-wrap\"><span class=\"wpr-feature-list-line\"><\/span><div class=\"wpr-feature-list-icon-inner-wrap\"><i aria-hidden=\"true\" class=\"fas fa-sun\"><\/i><\/div><\/div><div class=\"wpr-feature-list-content-wrap\"><h2 class=\"wpr-feature-list-title\"><a class=\"wpr-feature-list-url\" target=\"_blank\" rel=\"nofollow\">Aurinkosuojakalvo<\/a><\/h2><p class=\"wpr-feature-list-description\">Auringonsuojakalvolla on monia hyvi\u00e4 ominaisuuksia ja poistaa . Se suojaa haitalliselta UV-s\u00e4teilylt\u00e4, v\u00e4hent\u00e4\u00e4 auringon l\u00e4mp\u00f6s\u00e4teily\u00e4 ja ehk\u00e4isee h\u00e4ik\u00e4isy\u00e4. Auringonsuojakalvon avulla saadaan pudotettua sis\u00e4ilman l\u00e4mp\u00f6tilaa miellytt\u00e4v\u00e4mm\u00e4ksi, jolloin saat s\u00e4\u00e4st\u00f6\u00e4 ilmastointikuluissa. <br><br>\n\n- H\u00e4ik\u00e4isyn v\u00e4hentyminen<br>\n- Est\u00e4\u00e4 tekstiilej\u00e4, huonekaluja jne. haalistumasta<br>\n- Pit\u00e4\u00e4 l\u00e4mp\u00f6tilan tasaisena; kes\u00e4ll\u00e4 tilat viile\u00e4n\u00e4, talvella l\u00e4mm\u00f6n sis\u00e4ll\u00e4.<br>\n- Tarvittaessa eri tummuusasteilla n\u00e4k\u00f6suojaa ulkopuolisten katseilta <br>\n- Torjuu UV- ja l\u00e4mp\u00f6s\u00e4teily\u00e4<\/p><\/div><\/li><li class=\"wpr-feature-list-item elementor-repeater-item-b615c05\"><div class=\"wpr-feature-list-icon-wrap\"><span class=\"wpr-feature-list-line\"><\/span><div class=\"wpr-feature-list-icon-inner-wrap\"><i aria-hidden=\"true\" class=\"fas fa-eye\"><\/i><\/div><\/div><div class=\"wpr-feature-list-content-wrap\"><h2 class=\"wpr-feature-list-title\"><a class=\"wpr-feature-list-url\" target=\"_blank\" rel=\"nofollow\">N\u00e4k\u00f6suojakalvo<\/a><\/h2><p class=\"wpr-feature-list-description\">Hiekkapuhalluskalvo sopii mainiosti mm. toimistojen lasisiin seiniin, liiketilojen ikkunateippauksiin ja sisustukseen. Kalvolle on mahdollista tulostaa kuvaa tai leikata tarraleikkurilla raitoja tai kuvioita, jolloin kalvotuksesta tulee persoonallinen.\n<br><br>\n- Toimistojen ja neuvottelutilojen lasisein\u00e4t ja -tilanjakat <br>\n- Parvekelasit <br>\n- Sosiaalitilojen ikkunat <br>\n- Pesutilat, saunat <br>\n- Ikkunateippaukset jne\u2026 <br><\/p><\/div><\/li><li class=\"wpr-feature-list-item elementor-repeater-item-2c03f28\"><div class=\"wpr-feature-list-icon-wrap\"><span class=\"wpr-feature-list-line\"><\/span><div class=\"wpr-feature-list-icon-inner-wrap\"><i aria-hidden=\"true\" class=\"fas fa-low-vision\"><\/i><\/div><\/div><div class=\"wpr-feature-list-content-wrap\"><h2 class=\"wpr-feature-list-title\"><a class=\"wpr-feature-list-url\" target=\"_blank\" rel=\"nofollow\">Peilikalvo<\/a><\/h2><p class=\"wpr-feature-list-description\">Peilikalvoilla on monia eri k\u00e4ytt\u00f6tarkoituksia, joten se sopii eri kohteisiin hyv\u00e4n l\u00e4mm\u00f6n- ja h\u00e4ik\u00e4isytorjunnan. Peilaava kalvo toimii my\u00f6s hyv\u00e4n\u00e4 n\u00e4k\u00f6suojana p\u00e4iv\u00e4nvalossa. <br><br>\n\n- H\u00e4ik\u00e4isyn v\u00e4heneminen <br>\n- Eri peilausasteilla n\u00e4k\u00f6suojaa ulkopuolisten katseilta p\u00e4iv\u00e4nvalossa <br>\n- Torjuu aurinkoenergiaa kokonaism\u00e4\u00e4r\u00e4isesti jopa 81% ja UV-s\u00e4teily\u00e4 99% <br>\n- V\u00e4hent\u00e4\u00e4 l\u00e4mmitys- ja ilmastointi kustannuksia<\/p><\/div><\/li><li class=\"wpr-feature-list-item elementor-repeater-item-2c5e001\"><div class=\"wpr-feature-list-icon-wrap\"><span class=\"wpr-feature-list-line\"><\/span><div class=\"wpr-feature-list-icon-inner-wrap\"><i aria-hidden=\"true\" class=\"fas fa-hammer\"><\/i><\/div><\/div><div class=\"wpr-feature-list-content-wrap\"><h2 class=\"wpr-feature-list-title\"><a class=\"wpr-feature-list-url\" target=\"_blank\" rel=\"nofollow\">Turvakalvo<\/a><\/h2><p class=\"wpr-feature-list-description\">Turvakalvo tekee normaalista lasista eritt\u00e4in kest\u00e4v\u00e4n ja sitke\u00e4n, jolloin siihen saadaan murto- tai sirpalesuojaominaisuus. Kalvoja l\u00f6ytyy eri vahvuuksia erilaisiin kohteisiin ja k\u00e4ytt\u00f6tarkoituksiin.\n<br><br>\n- Est\u00e4\u00e4 lasin pirstaloitumisen <br>\n- Hankaloittaa ja est\u00e4\u00e4 varkauksia ja ilkivaltaa <br>\n- Pit\u00e4\u00e4 lasin puhtaana ja suojaa naarmuilta <br>\n- Liiketilojen- ja asuinhuoneistojen murtosuojaus <br>\n- Turvakalvo lis\u00e4\u00e4 oppilaitosten, p\u00e4iv\u00e4kotien ja sairaaloiden ikkunoiden henkil\u00f6- ja potilasturvallisuutta<\/p><\/div><\/li><\/ul><\/div>\t\t\t\t<\/div>\n\t\t\t\t<\/div>\n\t\t\t\t<\/div>\n\t\t\t\t\t<\/div>\n\t\t\t\t<\/div>\n\t\t<div class=\"elementor-element elementor-element-c140a30 e-flex e-con-boxed wpr-particle-no wpr-jarallax-no wpr-parallax-no wpr-sticky-section-no e-con e-parent\" data-id=\"c140a30\" data-element_type=\"container\" data-e-type=\"container\">\n\t\t\t\t\t<div class=\"e-con-inner\">\n\t\t\t\t<div class=\"elementor-element elementor-element-492862d elementor-align-center elementor-widget elementor-widget-button\" data-id=\"492862d\" data-element_type=\"widget\" data-e-type=\"widget\" data-widget_type=\"button.default\">\n\t\t\t\t<div class=\"elementor-widget-container\">\n\t\t\t\t\t\t\t\t\t<div class=\"elementor-button-wrapper\">\n\t\t\t\t\t<a class=\"elementor-button elementor-button-link elementor-size-sm\" href=\"https:\/\/mainostyot.fi\/index.php\/otayhteytta\/\">\n\t\t\t\t\t\t<span class=\"elementor-button-content-wrapper\">\n\t\t\t\t\t\t\t\t\t<span class=\"elementor-button-text\">Ota yhteytt\u00e4<\/span>\n\t\t\t\t\t<\/span>\n\t\t\t\t\t<\/a>\n\t\t\t\t<\/div>\n\t\t\t\t\t\t\t\t<\/div>\n\t\t\t\t<\/div>\n\t\t\t\t\t<\/div>\n\t\t\t\t<\/div>\n\t\t\t\t<\/div>\n\t\t","protected":false},"excerpt":{"rendered":"<p>Ikkunakalvotus &#8211; Turvallisuutta ja mukavuutta &#8211; Toteutamme kiinteist\u00f6jen ikkunoiden ja lasien aurinko-, n\u00e4k\u00f6suoja- ja turvakalvotuksia monien vuosien kokemuksella.Opastamme sinua oikean kalvon valinnassa! Aurinkosuojakalvo Auringonsuojakalvolla on monia hyvi\u00e4 ominaisuuksia ja poistaa . Se suojaa haitalliselta UV-s\u00e4teilylt\u00e4, v\u00e4hent\u00e4\u00e4 auringon l\u00e4mp\u00f6s\u00e4teily\u00e4 ja ehk\u00e4isee h\u00e4ik\u00e4isy\u00e4. Auringonsuojakalvon avulla saadaan pudotettua sis\u00e4ilman l\u00e4mp\u00f6tilaa miellytt\u00e4v\u00e4mm\u00e4ksi, jolloin saat s\u00e4\u00e4st\u00f6\u00e4 ilmastointikuluissa. &#8211; H\u00e4ik\u00e4isyn v\u00e4hentyminen &#8211; Est\u00e4\u00e4 tekstiilej\u00e4, huonekaluja jne. haalistumasta &#8211; Pit\u00e4\u00e4 l\u00e4mp\u00f6tilan tasaisena; kes\u00e4ll\u00e4 tilat viile\u00e4n\u00e4, talvella l\u00e4mm\u00f6n sis\u00e4ll\u00e4. &#8211; Tarvittaessa eri tummuusasteilla n\u00e4k\u00f6suojaa ulkopuolisten katseilta &#8211; Torjuu UV- ja l\u00e4mp\u00f6s\u00e4teily\u00e4 N\u00e4k\u00f6suojakalvo Hiekkapuhalluskalvo sopii mainiosti mm. toimistojen lasisiin seiniin, liiketilojen ikkunateippauksiin ja sisustukseen. Kalvolle on mahdollista tulostaa kuvaa tai leikata tarraleikkurilla raitoja tai kuvioita, jolloin kalvotuksesta tulee persoonallinen. &#8211; Toimistojen ja neuvottelutilojen lasisein\u00e4t ja -tilanjakat &#8211; Parvekelasit &#8211; Sosiaalitilojen ikkunat &#8211; Pesutilat, saunat &#8211; Ikkunateippaukset jne\u2026 Peilikalvo Peilikalvoilla on monia eri k\u00e4ytt\u00f6tarkoituksia, joten se sopii eri kohteisiin hyv\u00e4n l\u00e4mm\u00f6n- ja h\u00e4ik\u00e4isytorjunnan. Peilaava kalvo toimii my\u00f6s hyv\u00e4n\u00e4 n\u00e4k\u00f6suojana p\u00e4iv\u00e4nvalossa. &#8211; H\u00e4ik\u00e4isyn v\u00e4heneminen &#8211; Eri peilausasteilla n\u00e4k\u00f6suojaa ulkopuolisten katseilta p\u00e4iv\u00e4nvalossa &#8211; Torjuu aurinkoenergiaa kokonaism\u00e4\u00e4r\u00e4isesti jopa 81% ja UV-s\u00e4teily\u00e4 99% &#8211; V\u00e4hent\u00e4\u00e4 l\u00e4mmitys- ja ilmastointi kustannuksia Turvakalvo Turvakalvo tekee normaalista lasista eritt\u00e4in kest\u00e4v\u00e4n ja sitke\u00e4n, jolloin siihen saadaan murto- tai sirpalesuojaominaisuus. Kalvoja l\u00f6ytyy eri vahvuuksia erilaisiin kohteisiin ja k\u00e4ytt\u00f6tarkoituksiin. &#8211; Est\u00e4\u00e4 lasin pirstaloitumisen &#8211; Hankaloittaa ja est\u00e4\u00e4 varkauksia ja ilkivaltaa &#8211; Pit\u00e4\u00e4 lasin puhtaana ja suojaa naarmuilta &#8211; Liiketilojen- ja asuinhuoneistojen murtosuojaus &#8211; Turvakalvo lis\u00e4\u00e4 oppilaitosten, p\u00e4iv\u00e4kotien ja sairaaloiden ikkunoiden henkil\u00f6- ja potilasturvallisuutta Ota yhteytt\u00e4<\/p>\n","protected":false},"author":2,"featured_media":0,"parent":3352,"menu_order":0,"comment_status":"closed","ping_status":"closed","template":"elementor_canvas","meta":{"footnotes":""},"class_list":["post-3423","page","type-page","status-publish","hentry"],"_links":{"self":[{"href":"https:\/\/mainostyot.fi\/index.php\/wp-json\/wp\/v2\/pages\/3423","targetHints":{"allow":["GET"]}}],"collection":[{"href":"https:\/\/mainostyot.fi\/index.php\/wp-json\/wp\/v2\/pages"}],"about":[{"href":"https:\/\/mainostyot.fi\/index.php\/wp-json\/wp\/v2\/types\/page"}],"author":[{"embeddable":true,"href":"https:\/\/mainostyot.fi\/index.php\/wp-json\/wp\/v2\/users\/2"}],"replies":[{"embeddable":true,"href":"https:\/\/mainostyot.fi\/index.php\/wp-json\/wp\/v2\/comments?post=3423"}],"version-history":[{"count":3,"href":"https:\/\/mainostyot.fi\/index.php\/wp-json\/wp\/v2\/pages\/3423\/revisions"}],"predecessor-version":[{"id":4057,"href":"https:\/\/mainostyot.fi\/index.php\/wp-json\/wp\/v2\/pages\/3423\/revisions\/4057"}],"up":[{"embeddable":true,"href":"https:\/\/mainostyot.fi\/index.php\/wp-json\/wp\/v2\/pages\/3352"}],"wp:attachment":[{"href":"https:\/\/mainostyot.fi\/index.php\/wp-json\/wp\/v2\/media?parent=3423"}],"curies":[{"name":"wp","href":"https:\/\/api.w.org\/{rel}","templated":true}]}}